{"id":51,"date":"2019-06-05T08:02:17","date_gmt":"2019-06-05T08:02:17","guid":{"rendered":"http:\/\/asi.events.unibz.it\/?page_id=51"},"modified":"2020-05-05T14:33:17","modified_gmt":"2020-05-05T14:33:17","slug":"participants","status":"publish","type":"page","link":"https:\/\/asi.events.unibz.it\/?page_id=51","title":{"rendered":"2019 &#8211; Participants"},"content":{"rendered":"\n<p><a href=\"https:\/\/www.unibz.it\/en\/faculties\/economics-management\/academic-staff\/person\/17315-roberto-farneti\">Roberto Farneti (Libera Universit\u00e0 di Bolzano)<\/a><\/p>\n\n\n\n<p><a href=\"https:\/\/www.unibz.it\/it\/faculties\/education\/academic-staff\/person\/17145-urban-nothdurfter\">Urban Nothdurfter (Libera Universit\u00e0 di Bolzano)<\/a><\/p>\n\n\n\n<p><a href=\"https:\/\/www.unibz.it\/it\/faculties\/education\/academic-staff\/person\/21735-federica-vigano\">Federica Vigan\u00f2 (Libera Universit\u00e0 di Bolzano)<\/a><\/p>\n\n\n\n<p><a href=\"http:\/\/faculty.unibocconi.it\/stefanobaiacurioni\/\">Stefano Baia Curioni (Universit\u00e0 Bocconi, Milano \u2014 Fondazione Palazzo Te, Mantova)<\/a><\/p>\n\n\n\n<p><a href=\"http:\/\/www.silviagiambrone.com\/\">Silvia Giambrone (artist, Roma)<\/a><\/p>\n\n\n\n<p><a href=\"https:\/\/www.unipd.it\/contatti\/rubrica?checkout=cerca&amp;detail=Y&amp;key=7F1DB756BA25FCACB6326F3B7C8CA8E5&amp;persona=GRAZIANO&amp;ruolo=1\">Paolo Roberto Graziano (Universit\u00e0 degli Studi di Padova)<\/a><\/p>\n\n\n\n<p><a href=\"https:\/\/www.unimib.it\/francesca-guerisoli\">Francesca Guerisoli (Fondazione Pietro e Alberto Rossini, Briosco)<\/a><\/p>\n\n\n\n<p><a href=\"https:\/\/richardgmartin.org\/about\/\">Richard Martin (Tate Gallery, London)<\/a><\/p>\n\n\n\n<p><a href=\"https:\/\/www.plan-b.ro\/artist\/ciprian-muresan\/\">Ciprian Muresan (artist, Cluj)<\/a><\/p>\n\n\n\n<p><a href=\"http:\/\/www.ressler.at\/biography\/\">Oliver Ressler (artist, Vienna)<\/a><\/p>\n\n\n\n<p><a href=\"https:\/\/www.iulm.it\/wps\/wcm\/connect\/iulmit\/iulm-it\/docenti\/sacco-pierluigi\">Pier Luigi Sacco (IULM, Milano \u2014 FBK, Trento)<\/a><\/p>\n","protected":false},"excerpt":{"rendered":"<p>Roberto Farneti (Libera Universit\u00e0 di Bolzano) Urban Nothdurfter (Libera Universit\u00e0 di Bolzano) Federica Vigan\u00f2 (Libera Universit\u00e0 di Bolzano) Stefano Baia Curioni (Universit\u00e0 Bocconi, Milano \u2014 Fondazione Palazzo Te, Mantova) Silvia Giambrone (artist, Roma) Paolo Roberto Graziano (Universit\u00e0 degli Studi di Padova) Francesca Guerisoli (Fondazione Pietro e Alberto Rossini, Briosco) Richard Martin (Tate Gallery, London) Ciprian &hellip; <\/p>\n<p class=\"link-more\"><a href=\"https:\/\/asi.events.unibz.it\/?page_id=51\" class=\"more-link\">Continue reading<span class=\"screen-reader-text\"> &#8220;2019 &#8211; Participants&#8221;<\/span><\/a><\/p>\n","protected":false},"author":3,"featured_media":0,"parent":0,"menu_order":0,"comment_status":"closed","ping_status":"closed","template":"","meta":{"footnotes":""},"class_list":["post-51","page","type-page","status-publish","hentry","entry"],"_links":{"self":[{"href":"https:\/\/asi.events.unibz.it\/index.php?rest_route=\/wp\/v2\/pages\/51","targetHints":{"allow":["GET"]}}],"collection":[{"href":"https:\/\/asi.events.unibz.it\/index.php?rest_route=\/wp\/v2\/pages"}],"about":[{"href":"https:\/\/asi.events.unibz.it\/index.php?rest_route=\/wp\/v2\/types\/page"}],"author":[{"embeddable":true,"href":"https:\/\/asi.events.unibz.it\/index.php?rest_route=\/wp\/v2\/users\/3"}],"replies":[{"embeddable":true,"href":"https:\/\/asi.events.unibz.it\/index.php?rest_route=%2Fwp%2Fv2%2Fcomments&post=51"}],"version-history":[{"count":3,"href":"https:\/\/asi.events.unibz.it\/index.php?rest_route=\/wp\/v2\/pages\/51\/revisions"}],"predecessor-version":[{"id":114,"href":"https:\/\/asi.events.unibz.it\/index.php?rest_route=\/wp\/v2\/pages\/51\/revisions\/114"}],"wp:attachment":[{"href":"https:\/\/asi.events.unibz.it\/index.php?rest_route=%2Fwp%2Fv2%2Fmedia&parent=51"}],"curies":[{"name":"wp","href":"https:\/\/api.w.org\/{rel}","templated":true}]}}